+ 67*t + 31. What is x(-9)?
-5
Let z(h) = 7*h + 5. Determine z(0).
5
Let h(f) = 4*f**2 + 23*f + 4. Calculate h(-6).
10
Let u(a) = -4*a**2 + 25*a + 5. Determine u(5).
30
Let f(c) = -3*c - 24. Calculate f(-8).
0
Let y(i) = -2*i**2 - 34*i - 33. Give y(-17).
-33
Let d(q) = q**3 + 17*q**2 - 19*q - 9. What is d(-18)?
9
Let j(c) = -c**2 - 5*c - 6. Give j(-5).
-6
Let r(v) = -v**3 - 11*v**2 + 9*v - 11. Calculate r(-12).
25
Let k(n) = -4*n + 81. Calculate k(19).
5
Let m(b) = b - 19. Give m(10).
-9
Let h(s) = s**2 - 5*s - 5. Determine h(8).
19
Let k(a) = 7*a**2 + 29*a + 30. Determine k(-1).
8
Let l(a) = -9*a + 44. Calculate l(5).
-1
Let y(a) = 13*a + 36. What is y(6)?
114
Let t(p) = -42*p - 795. Determine t(-19).
3
Let d(s) = -s**3 - 4*s**2 + 3*s - 7. What is d(-5)?
3
Let i(j) = j**2 - 11*j - 3. Determine i(12).
9
Let z(r) = -r**3 + 6*r**2 - 7*r - 1. Give z(3).
5
Let m(i) = 3*i**2 + 10*i + 12. What is m(-3)?
9
Let x(r) = -2*r**3 + 61*r**2 + 31*r + 41. What is x(31)?
41
Let b(g) = -g**2 + 16*g - 15. Calculate b(16).
-15
Let q(g) = g - 2. What is q(2)?
0
Let h(a) = a**3 - 14*a**2 + 11*a + 25. Calculate h(13).
-1
Let t(v) = v**3 - 19*v**2 - 42*v - 24. What is t(21)?
-24
Let n(y) = y**2 - 17*y - 6. What is n(17)?
-6
Let x(s) = 75*s**2 + 4*s - 4. Calculate x(1).
75
Let o(h) = -h**3 - 21*h**2 - 19*h + 38. Calculate o(-20).
18
Let u(v) = -52*v - 3. Give u(-2).
101
Let b(g) = -g**3 + 2*g**2 - 8. Give b(-2).
8
Let u(k) = 8*k - 38. What is u(16)?
90
Let a(w) = 3*w - 11. Give a(5).
4
Let i(q) = -3*q**2 - q + 54. What is i(4)?
2
Let o(n) = -n**3 - n**2 + 2*n + 60. Calculate o(0).
60
Let d(a) = -a**3 + 10*a**2 - 10*a + 1. What is d(9)?
-8
Let h(k) = -k**3 - 10*k**2 - 9*k + 7. Calculate h(-9).
7
Let r(m) = -m**2 + 29*m - 114. Determine r(24).
6
Let t(i) = -i**3 + 29*i**2 + 28*i + 5. Calculate t(30).
-55
Let v(k) = -k**2 - 11*k - 1. What is v(-10)?
9
Let d(i) = -5*i + 21. Give d(3).
6
Let u(c) = -13*c - 221. Calculate u(-17).
0
Let z(v) = v**2 + 14*v - 21. Give z(-16).
11
Let p(o) = -14*o**2 - 82*o + 16. Determine p(-6).
4
Let u(c) = 2*c**2 + 18*c + 7. Calculate u(-8).
-9
Let x(q) = -q**2 - 7*q + 8. Give x(-9).
-10
Let z(u) = u**2 + 7*u - 10. Give z(-9).
8
Let c(w) = -w + 1. Calculate c(-2).
3
Let p(x) = -x**3 + 10*x**2 - 3*x - 5. What is p(10)?
-35
Let v(g) = -19*g + 61. Calculate v(5).
-34
Let a(f) = -52*f + 52. What is a(1)?
0
Let a(v) = -v**3 + 5*v**2 - v + 8. Calculate a(5).
3
Let s(i) = -i**3 - 7*i**2 + 16*i - 11. Determine s(-9).
7
Let h(z) = 4*z + 47. What is h(-14)?
-9
Let x(d) = d**2 - 4*d + 2. What is x(3)?
-1
Let z(j) = 2*j**2 - 15*j - 1. Determine z(11).
76
Let a(q) = 2*q**2 + 2*q - 4. Determine a(4).
36
Let m(h) = -h**2 + 4*h + 3. Give m(-2).
-9
Let i(x) = 5*x**2 + 3*x + 5. Determine i(-2).
19
Let n(l) = -l**2 + 10*l + 5. Give n(10).
5
Let y(p) = -4*p**2 - 4*p + 40. What is y(5)?
-80
Let i(z) = -2*z - 6. Calculate i(5).
-16
Let d(p) = 2*p - 44. Determine d(24).
4
Let u(m) = -m + 60. Give u(0).
60
Let m(w) = w**2 - 5*w - 4. What is m(-5)?
46
Let r(a) = a**3 - 3*a - 11. What is r(0)?
-11
Let s(c) = c**3 - 17*c**2 - 22*c + 58. What is s(18)?
-14
Let v(q) = q**2 - 11*q - 14. Give v(-6).
88
Let m(t) = -t - 4. Give m(5).
-9
Let b(y) = -13*y**2 + 2*y - 2. Calculate b(1).
-13
Let s(n) = -n**3 - 7*n**2 + 32*n + 32. Give s(-10).
12
Let m(a) = -a**3 - 3*a**2 + 4*a + 1. Calculate m(-4).
1
Let u(w) = -w**3 - 4*w**2 + 9*w + 6. Give u(-5).
-14
Let a(p) = -p**2 + 2*p + 40. Calculate a(-5).
5
Let d(q) = -6*q + 55. Give d(10).
-5
Let r(o) = o**3 + 5*o**2 - 2*o - 5. Give r(-4).
19
Let x(m) = -34*m + 103. Give x(3).
1
Let i(g) = g**2 + 7*g + 3. What is i(-1)?
-3
Let a(k) = -k**2 + 12*k - 4. What is a(8)?
28
Let y(a) = -a**2 + 4*a + 3. Give y(2).
7
Let q(w) = w**3 - 4*w**2 + 5*w - 21. Determine q(4).
-1
Let c(k) = k**2 + 35*k - 121. Give c(-38).
-7
Let u(g) = 2*g + 7. What is u(0)?
7
Let k(g) = -g - 3. Give k(-3).
0
Let x(b) = -b**3 - 6*b**2 + 7*b - 11. Calculate x(-8).
61
Let g(z) = -2*z**3 + 15*z**2 - 7*z + 4. What is g(7)?
4
Let w(v) = -3*v - 19. Calculate w(-13).
20
Let b(r) = r + 15. What is b(-24)?
-9
Let k(a) = -a**3 + 13*a**2 - 13*a + 7. Give k(12).
-5
Let q(c) = c + 11. Calculate q(-6).
5
Let r(i) = -i**2 - 20*i. Determine r(-15).
75
Let i(v) = 2*v**2 - 13*v + 2. Give i(12).
134
Let i(v) = -v**2 - 2*v + 9. What is i(-4)?
1
Let f(d) = -2*d**3 + 2*d**2 - 6*d + 16. Give f(2).
-4
Let m(r) = 20*r + 36. Calculate m(-2).
-4
Let a(p) = -3*p**2 + 13*p + 56. Give a(7).
0
Let q(v) = -v**2 + 30*v - 179. Determine q(24).
-35
Let b(d) = d**2 + 28*d - 171. Calculate b(-33).
-6
Let y(b) = -b**2 + 4*b + 61. Give y(-6).
1
Let w(a) = -a + 7. Calculate w(2).
5
Let x(p) = -2*p**2 - p + 54. Give x(6).
-24
Let u(g) = 4*g**2 + 61*g + 16. Determine u(-14).
-54
Let a(z) = 26*z - 35. Determine a(6).
121
Let x(b) = -28*b**2 - 3*b - 2. Give x(-1).
-27
Let q(u) = u. Calculate q(9).
9
Let k(q) = 2*q**3 + 13*q**2 + 8*q + 6. Calculate k(-6).
-6
Let s(f) = f**3 - 8*f**2 - 24*f + 48. Determine s(10).
8
Let y(q) = -q**3 + q - 23. Give y(0).
-23
Let x(i) = i**3 + 10*i**2 - 6*i + 9. What is x(-10)?
69
Let d(f) = -4*f**3 + 2*f**2 + 3*f - 1. Give d(-2).
33
Let v(h) = -2*h**2 - 4*h - 6. Determine v(-3).
-12
Let u(c) = -c**3 - 19*c**2 + 21*c + 14. Determine u(-20).
-6
Let j(w) = -10*w + 213. Determine j(21).
3
Let p(i) = -i**3 + 8*i**2 - i - 15. What is p(4)?
45
Let h(y) = y**2 - 15*y - 173. What is h(-8)?
11
Let g(a) = a - 1. What is g(-12)?
-13
Let j(c) = c**2 - 3*c + 16. What is j(7)?
44
Let w(q) = -q**2 - 9*q + 1. Determine w(-10).
-9
Let a(p) = p**3 - p**2 - 6*p - 5. Calculate a(-2).
-5
Let k(f) = -f**3 - 2*f**2 + 118. Calculate k(0).
118
Let x(b) = -16*b**2 - 1. Calculate x(-1).
-17
Let p(f) = -f**3 - 9*f**2 + 12*f + 19. Determine p(-10).
-1
Let s(q) = -7*q**2 + 1. Determine s(-1).
-6
Let a(n) = -2*n**2 - 5*n - 13. Determine a(0).
-13
Let o(b) = 2*b - 12. Determine o(5).
-2
Let r(u) = -31*u - 68. Give r(-2).
-6
Let v(g) = -5*g**2 + g. Give v(1).
-4
Let c(t) = -t**2 + 11*t - 23. Give c(8).
1
Let t(x) = -x**3 + 23*x**2 - 46*x + 11. Determine t(21).
-73
Let l(u) = u**2 + 12*u + 18. Calculate l(-10).
-2
Let p(n) = -n - 12. Calculate p(-15).
3
Let i(c) = -c**3 - 17*c**2 - 16*c - 4. What is i(-16)?
-4
Let c(q) = -48*q - 209. Give c(-4).
-17
Let m(n) = n**3 - 5*n**2 - 33*n - 28. Calculate m(9).
-1
Let d(q) = 82*q + 2. What is d(-1)?
-80
Let x(o) = -o**2 + 18*o - 1. Calculate x(9).
80
Let y(p) = 56*p**2 + 1. Calculate y(1).
57
Let g(l) = 8*l - 25. Give g(0).
-25
Let w(d) = d**3 - 5*d**2 - 8*d + 8. What is w(6)?
-4
Let j(l) = l**2 - 5*l + 4. Calculate j(3).
-2
Let t(a) = -2*a**3 + 4*a + 1. Determine t(-2).
9
Let a(y) = -24*y + 99. What is a(4)?
3
Let m(t) = t**2 + 11*t + 19. Determine m(-8).
-5
Let w(j) = j**3 - 2*j**2 - 3*j - 1. Give w(3).
-1
Let i(u) = 4*u**2 - 54*u - 17. Give i(14).
11
Let l(y) = -2*y**2 + 60*y + 5. Calculate l(30).
5
Let n(m) = m**3 + 8*m**2 - 22*m - 24. Give n(-10).
-4
Let q(l) = -2*l**2 + 8*l - 5. Calculate q(7).
-47
Let a(y) = 8*y**2 - 1. Calculate a(2).
31
Let g(a) = -a**2 - 3*a + 3. Calculate g(6).
-51
Let m(a) = a**2 - 12*a - 86. Calculate m(17).
-1
Let p(j) = -j**3 - 17*j**2 + 11. What is p(-17)?
11
Let c(g) = -g**2 - 6*g - 11. What is c(-8)?
-27
Let o(u) = -12*u + 114. What is o(9)?
6
Let l(p) = -p**3 + 10*p**2 - 2*p + 11. What is l(10)?
-9
Let q(o) = -o**2 + 5*o - 25. What is q(10)?
-75
Let l(o) = o**2 - 6*o + 10. Determine l(9).
37
Let z(a) = 27*a + 3. Determine z(3).
84
Let g(o) = 10*o**2 - 3*o + 9. What is g(4)?
157
Let u(b) = -b**3 - 8*b**2 - 11*b + 7. What is u(-6)?
1
Let j(d) = -20*d + 2. What is j(-3)?
62
Let j(x) = -x**3 - 25*x**2 - 26*x - 7. Calculate j(-24).
41
Let n(r) = r**2 - 4*r - 4. Give n(5).
1
Let x(w) = -6*w. What is x(-1)?
6
Let d(w) = w - 7. What is d(7)?
0
Let z(a) = -a**3 - 5*a**2 - a + 4. Give z(-3).
-11
Let k(l) = 2*l + 2. What is k(-1)?
0
Let p(y) = y**2 + 22*y - 82. Give p(-25).
-7
Let n(p) = p**2 - 11*p - 4. Calculate n(14).
38
Let h(c) = -5*c - 22. Give h(-9).
23
Let x(b) = b**3 - 43*b**2 + 60. Calculate x(43).
60
Let o(v) = 228*v + 918. Give o(-4).
6
Let w(p) = -2*p**3 - 3*p**2 - 2*p. What is w(-3)?
33
Let y(z) = 8*z + 87. Calculate y(-9).
15
Let q(r) = -r**2 - 9*r + 41. Calculate q(-12).
5
Let a(s) = s**3 + 8*s**2 + 9*s - 11. Calculate a(-6).
7
Le